62. Calculate the greatest common divisor of 940 and n.
94
Let p = 130 + 62. Suppose -3*v - 18 = -84. Let j = v - -2. Calculate the highest common factor of p and j.
24
Let q(w) = -3*w - 5. Suppose 5*b = 4*j - 27, -3*j = b - j + 11. Let m be q(b). Let a = 461 + -445. Calculate the greatest common factor of m and a.
16
Let y = 2 + -109. Let o = y - -137. Let x(m) = -m**3 - 4*m**2 - 2*m - 2. Let k be x(-4). Calculate the greatest common divisor of o and k.
6
Suppose -s + 1 = -2*z + 7, -z - 5*s - 19 = 0. Calculate the greatest common divisor of 3 and z.
1
Let k = -142 - -226. What is the highest common factor of 96 and k?
12
Let j = 453 - 301. Calculate the highest common divisor of j and 95.
19
Let p(g) = -2*g + 86. Let f be p(34). Suppose -2*x - l = 2*x + 34, -5*x - 4*l = 48. Let i = -6 - x. What is the highest common divisor of i and f?
2
Let b = -18 - -19. Let h be b/6 - 1594/(-12). Let g = -63 + h. What is the highest common factor of g and 14?
14
Let g = -31 + 38. Suppose -5*w = -g*w + 32. Calculate the greatest common divisor of 12 and w.
4
Suppose 0 = -4*f - 4*q - 21 + 73, -4*q = f - 13. Let w be f/2 + (-13)/26. Suppose 0 = w*k - 2*k - 80. Calculate the highest common divisor of 10 and k.
10
Let v(q) = 8*q**2 - 16*q + 6. Let s be v(8). Calculate the greatest common divisor of s and 30.
30
Suppose -2*v = 3*v. Suppose 1 + 194 = 5*i + 5*k, v = i - k - 39. Let y = 103 - i. What is the greatest common factor of y and 16?
16
Let b(o) = -5*o + 3. Let p be b(0). Let u be (p - (-10)/(-3))*-33. Calculate the highest common factor of u and 77.
11
Let l(z) = -z**2 + 7*z + 13. Let i be l(8). What is the greatest common factor of i and 15?
5
Let k(v) = 33*v - 7. Let h be k(1). Calculate the highest common divisor of h and 52.
26
Suppose -t + u = -3*t - 2, -t - 11 = 3*u. Let s be 55 + (3 - 3) + t. What is the highest common divisor of s and 42?
14
Let l(c) = -2*c - 5. Let h(j) = -5*j - 15. Let s(t) = -3*h(t) + 8*l(t). Let p be s(-6). Calculate the greatest common divisor of p and 11.
11
Suppose -20*v + 39 = -19*v. Calculate the highest common divisor of v and 975.
39
Let s(x) = -4*x**2 + 39*x + 16. Let g be s(10). What is the highest common divisor of 78 and g?
6
Let z = -178 + 292. Let m = -60 + z. Suppose 4*u = -2*j - 0 + 8, -5*j - 3*u = -27. Calculate the highest common factor of m and j.
6
Let i = 43 - 38. Suppose -i*p = -4*m - m + 160, 3*m + 3*p - 120 = 0. Calculate the greatest common divisor of 54 and m.
18
Let n = -86 + 87. What is the greatest common factor of n and 34?
1
Suppose -3 + 21 = -6*y. Let q be 0 + 2/(51/15 + y). Calculate the highest common factor of q and 5.
5
Let v = -20 - -8. Let m be ((-64)/v)/(-3*2/(-45)). What is the highest common divisor of m and 5?
5
Suppose 0 = -44*c + 39*c + 30. Suppose -86 + 302 = c*u. Calculate the greatest common divisor of 48 and u.
12
Let i = 8 + -4. Let r = 80 + -81. Let f be (r/(-3))/(7/840). Calculate the greatest common factor of i and f.
4
Let n = 1155 - 479. Calculate the greatest common factor of 416 and n.
52
Let z = -3130 - -5226. Calculate the highest common factor of 16 and z.
16
Suppose -28 = -4*c - 8. Suppose 2*v - 32 = -0*v + p, c*p = 2*v - 32. Suppose s - 5 = z + 2, -v = 4*z. What is the greatest common factor of s and 33?
3
Let r(f) = f**3 - 49*f**2 - 155*f - 26. Let y be r(52). Calculate the greatest common divisor of y and 1469.
13
Let p be (-518)/(-7) - 0/1. Suppose 157 + p = 3*m. Calculate the greatest common divisor of 11 and m.
11
Let o(u) = u - 18. Let g be o(15). Let v(q) = -8*q - 12. Let c be v(g). What is the highest common divisor of c and 36?
12
Suppose 0 = 3*r - f - 3297, -5*r + 10*r + 4*f = 5512. What is the greatest common divisor of 44 and r?
44
Let x(j) = -j**3 + 6*j**2 - 3*j - 2. Let z be x(4). Suppose 28*y - 2272 = -256. Calculate the highest common factor of z and y.
18
Let k = 404 - 132. Calculate the greatest common factor of 34 and k.
34
Suppose v - 2*f - 1632 = 0, 0 = 5*v - 3*f + 2496 - 10642. Calculate the greatest common factor of 44 and v.
44
Suppose -5*q + 483 = -4*t, 505 - 121 = 4*q - 2*t. Calculate the greatest common factor of q and 76.
19
Let o be 128/(-48)*51/(-4). Calculate the greatest common divisor of o and 153.
17
Let j = 42 - -190. Let o = -180 + j. What is the highest common divisor of 2 and o?
2
Let q = 40 + -136. Let u be q/36*3/(-2)*1. What is the greatest common divisor of u and 2?
2
Suppose -d - 1 = -2*d. Suppose -g + d = -14. Calculate the highest common divisor of 45 and g.
15
Let u be (0 - -5)/(1/13). Let o be (5/25)/(4/(-104))*-5. Calculate the highest common divisor of o and u.
13
Let m(n) = -n**3 - 4*n**2 + 3*n. Let d = 26 + -16. Suppose d = 5*r - 7*r. Let p be m(r). Calculate the greatest common factor of p and 15.
5
Suppose 0*f = 3*f - 4*u - 48, 5*u - 9 = -2*f. Suppose -x + 0 + f = 0. Calculate the highest common factor of x and 3.
3
Suppose o + 25 = 6*o. Suppose -4*m = o*q - 45, -m + 19 + 1 = 3*q. Let h(t) = -10*t - 295. Let l be h(-34). What is the highest common factor of q and l?
5
Suppose 13*c = 8*c + 175. Suppose 0 = -2*u + c - 13. What is the highest common divisor of 88 and u?
11
Let n(f) be the first derivative of -9*f**2/2 - 7*f - 1. Let c be n(-7). Calculate the highest common factor of c and 84.
28
Suppose -4*c + 3016 = -2*f, -3767 = -c - 4*c + 4*f. Suppose c = -6*y + 5807. Let h = y + -594. What is the greatest common factor of h and 31?
31
Suppose 0 = 3*l - 3*z - 351, -8*z + 6*z = l - 129. Calculate the highest common factor of 22 and l.
11
Suppose 0 = -5*n - 4 + 54. Let z be 2/(-9) + 58/18. Suppose z*o - n = o. What is the greatest common divisor of 55 and o?
5
Let n = 92 - 66. Suppose -5*g - 5*u + 60 = 0, u = 2*g + 2*u - n. Calculate the greatest common factor of g and 14.
14
Let x be (6/2 + -3)*1. Suppose -2*j + j + 108 = x. Calculate the greatest common divisor of 27 and j.
27
Let x(k) = k**2 - k - 30. Let z be x(6). Suppose z = -9*b + 2*b + 91. Let n(c) = -14*c - 5. Let a be n(-5). Calculate the greatest common factor of a and b.
13
Let i be 5619/75 - 12/(-150). Suppose u = 2*u - 4*w - 33, 132 = 3*u - w. Calculate the greatest common divisor of u and i.
15
Let b be 12 + (6 + -1 - 9). What is the greatest common divisor of b and 200?
8
Suppose -w = w - 26. Calculate the highest common divisor of 39 and w.
13
Let i be (-13518)/(-99) - (-6)/(-11). Calculate the highest common factor of 17 and i.
17
Suppose 3*r + 32 = -s + 5*s, 0 = s - 4*r - 8. Suppose 10*u = 12 + s. Suppose w + 8 = 2*l, 2*w = l + w - 5. What is the highest common divisor of u and l?
1
Let t be (-1 - 5)*(-200)/12. Suppose p = 3*p - t. Suppose 3*y - 44 = -14. What is the highest common divisor of y and p?
10
Let u be 374/1 + (2 - 1). Suppose -m = 2*m + 3*v - u, 0 = -5*m + 4*v + 634. Let o = -1 + 15. Calculate the highest common divisor of o and m.
14
Let f = -476 - -1027. Calculate the highest common divisor of 29 and f.
29
Suppose 3*m + 220 = -4*q, m + 4*m + 3*q + 385 = 0. Let b = m + 101. Calculate the greatest common divisor of 28 and b.
7
Suppose -5*l = 5*p - 700, -4*l - 18*p + 560 = -15*p. Calculate the greatest common factor of l and 40.
20
Suppose 6*w = -409 + 3571. Calculate the highest common factor of 31 and w.
31
Suppose -2*q - 3*g = 2*q - 985, -3*q + 755 = -g. Suppose 0 = 3*b + 3*j + 2*j - q, -4*b = -4*j - 312. What is the greatest common divisor of b and 10?
10
Suppose 0 = -4*h + 78 - 54. What is the highest common divisor of h and 12?
6
Let k = -993 + 1202. What is the greatest common divisor of 11 and k?
11
Let y = 3 - -1. Let h be (3 - y)/(1/(-2)). Suppose z - 75 = 5*x, -2*x = h - 4. What is the highest common divisor of 32 and z?
16
Suppose 0 = 3*i - 3 - 57. Suppose 0 = -z - z + 500. Suppose -u = 4*u - z. What is the greatest common factor of u and i?
10
Suppose 4*j + 4*l + 27 - 75 = 0, -2*l = -j + 3. Suppose 12*b = j*b + 96. Calculate the highest common divisor of b and 352.
32
Let w = -604 + 629. What is the greatest common divisor of 1525 and w?
25
Suppose 0 = -2*t + 251 + 21. Calculate the highest common factor of 17 and t.
17
Let u be -9 + -7*(-12)/42. Let j(k) = -k**3 - 8*k**2 - 12*k - 20. Let t be j(u). Calculate the greatest common divisor of t and 120.
15
Suppose 0 = -3*m + 122 + 292. Let o be (m/9)/(8/60). What is the hig